{"id":131,"date":"2019-01-23T09:01:48","date_gmt":"2019-01-23T09:01:48","guid":{"rendered":"http:\/\/wierzba.pan.pl\/?page_id=131"},"modified":"2026-03-03T10:49:10","modified_gmt":"2026-03-03T09:49:10","slug":"restauracja-panorama-mazury-wierzba","status":"publish","type":"page","link":"https:\/\/wierzba.pan.pl\/?page_id=131","title":{"rendered":"GASTRONOMIA"},"content":{"rendered":"\n<hr class=\"wp-block-separator has-alpha-channel-opacity\"\/>\n\n\n\n<h4 class=\"wp-block-heading has-text-align-center\"><strong>Organizujemy:<\/strong><\/h4>\n\n\n\n<p>#Tam, gdzie <strong>szum jeziora<\/strong> tworzy idealne t\u0142o dla Waszego dnia &#8211; <strong>Wesele na Mazurach<\/strong><\/p>\n\n\n\n<p>#Tam, gdzie <strong>jezioro<\/strong> odbija <strong>mi\u0142o\u015b\u0107<\/strong>\u2026 podajemy s\u0142odycze. <strong>S\u0142odki st\u00f3\u0142 <\/strong>na <strong>Twoje wesele<\/strong> na <strong>Mazurach<\/strong><\/p>\n\n\n\n<p>#<strong>Smaki Mazur<\/strong>, kt\u00f3re robi\u0105 wra\u017cenie \u2013 <strong>wiejski<\/strong> <strong>st\u00f3\u0142<\/strong> k\u0142usownika i s<strong>t\u00f3\u0142 mazurskich ryb<\/strong> na <strong>Twoje wesele<\/strong><\/p>\n\n\n\n<p>#Gdy zach\u00f3d maluje <strong>jezioro<\/strong>\u2026 my tworzymy <strong>biesiad\u0119<\/strong> u styku<strong> trzech jezior na Mazurach<\/strong><\/p>\n\n\n\n<p>#Mazurska <strong>integracja<\/strong>, kt\u00f3ra \u0142\u0105czy ludzi i inspiruje.<strong> Imprezy integracyjne na Mazurach nad jeziorem<\/strong><\/p>\n\n\n\n<p>#<strong>Catering<\/strong>, kt\u00f3ry smakuje przy ka\u017cdej okazji <strong>na Mazurach<\/strong><\/p>\n\n\n\n<p>#<strong>Mazurski Party Box<\/strong> \u2014 szybko, wygodnie, pysznie. <strong>Twoja impreza na jachcie<\/strong>. <strong>Nasze smaki<\/strong>. <strong>Mazury<\/strong><\/p>\n\n\n\n<div class=\"wp-block-media-text is-stacked-on-mobile\" style=\"grid-template-columns:49% auto\"><figure class=\"wp-block-media-text__media\"><img loading=\"lazy\" decoding=\"async\" width=\"1024\" height=\"683\" src=\"https:\/\/wierzba.pan.pl\/wp-content\/uploads\/2025\/11\/restauracja-1024x683.jpg\" alt=\"\" class=\"wp-image-5121 size-full\" srcset=\"https:\/\/wierzba.pan.pl\/wp-content\/uploads\/2025\/11\/restauracja-1024x683.jpg 1024w, https:\/\/wierzba.pan.pl\/wp-content\/uploads\/2025\/11\/restauracja-300x200.jpg 300w, https:\/\/wierzba.pan.pl\/wp-content\/uploads\/2025\/11\/restauracja-150x100.jpg 150w, https:\/\/wierzba.pan.pl\/wp-content\/uploads\/2025\/11\/restauracja-768x512.jpg 768w, https:\/\/wierzba.pan.pl\/wp-content\/uploads\/2025\/11\/restauracja-1536x1024.jpg 1536w, https:\/\/wierzba.pan.pl\/wp-content\/uploads\/2025\/11\/restauracja-2048x1365.jpg 2048w, https:\/\/wierzba.pan.pl\/wp-content\/uploads\/2025\/11\/restauracja-360x240.jpg 360w, https:\/\/wierzba.pan.pl\/wp-content\/uploads\/2025\/11\/restauracja-24x16.jpg 24w, https:\/\/wierzba.pan.pl\/wp-content\/uploads\/2025\/11\/restauracja-36x24.jpg 36w, https:\/\/wierzba.pan.pl\/wp-content\/uploads\/2025\/11\/restauracja-48x32.jpg 48w\" sizes=\"auto, (max-width: 1024px) 100vw, 1024px\" \/><\/figure><div class=\"wp-block-media-text__content\">\n<p><strong>Restauracja Panorama \u2013 kuchnia regionalna nad jeziorem Be\u0142dany | DPT Wierzba Mazury<\/strong>. <strong>Restauracja Panorama w DPT Wierzb<\/strong>a (<strong>Mazury<\/strong>) zaprasza na <strong>wy\u015bmienite dania: ryby, kuchnia regionalna, domowe ciasta oraz bogate \u015bniadania<\/strong>. <strong>Restauracja<\/strong> <strong>z<\/strong> <strong>widokiem na jezioro<\/strong>, <strong>tarasy widokowe<\/strong> u <strong>styku trzech jezior<\/strong>. <\/p>\n\n\n\n<p><\/p>\n\n\n\n<p><\/p>\n<\/div><\/div>\n\n\n\n<hr class=\"wp-block-separator has-css-opacity\"\/>\n\n\n\n\n\n<div class=\"wp-block-media-text is-stacked-on-mobile\"><figure class=\"wp-block-media-text__media\"><img loading=\"lazy\" decoding=\"async\" width=\"1024\" height=\"683\" src=\"https:\/\/wierzba.pan.pl\/wp-content\/uploads\/2025\/11\/AAA_0716-1-1024x683.jpg\" alt=\"\" class=\"wp-image-4848 size-full\" srcset=\"https:\/\/wierzba.pan.pl\/wp-content\/uploads\/2025\/11\/AAA_0716-1-1024x683.jpg 1024w, https:\/\/wierzba.pan.pl\/wp-content\/uploads\/2025\/11\/AAA_0716-1-300x200.jpg 300w, https:\/\/wierzba.pan.pl\/wp-content\/uploads\/2025\/11\/AAA_0716-1-150x100.jpg 150w, https:\/\/wierzba.pan.pl\/wp-content\/uploads\/2025\/11\/AAA_0716-1-768x512.jpg 768w, https:\/\/wierzba.pan.pl\/wp-content\/uploads\/2025\/11\/AAA_0716-1-1536x1024.jpg 1536w, https:\/\/wierzba.pan.pl\/wp-content\/uploads\/2025\/11\/AAA_0716-1-2048x1365.jpg 2048w, https:\/\/wierzba.pan.pl\/wp-content\/uploads\/2025\/11\/AAA_0716-1-360x240.jpg 360w, https:\/\/wierzba.pan.pl\/wp-content\/uploads\/2025\/11\/AAA_0716-1-24x16.jpg 24w, https:\/\/wierzba.pan.pl\/wp-content\/uploads\/2025\/11\/AAA_0716-1-36x24.jpg 36w, https:\/\/wierzba.pan.pl\/wp-content\/uploads\/2025\/11\/AAA_0716-1-48x32.jpg 48w\" sizes=\"auto, (max-width: 1024px) 100vw, 1024px\" \/><\/figure><div class=\"wp-block-media-text__content\">\n<p><strong>Grill Bar Wierzba \u2013 letnia przysta\u0144 nad jeziorem Be\u0142dany | DPT Wierzba Mazury<\/strong><\/p>\n\n\n\n<p>Latem otwiera si\u0119 <strong>Grill Bar Wierzba<\/strong> \u2013 kameralne miejsce w porcie <strong>Domu Pracy Tw\u00f3rczej PAN Wierzba na Mazurach<\/strong>, z niepowtarzalnym widokiem na <strong>jezioro Be\u0142dany<\/strong>. <strong>Serwujemy pizz\u0119 z pieca opalanego<\/strong> <strong>drewnem<\/strong>, <strong>potrawy z grilla<\/strong>, <strong>przek\u0105ski<\/strong> oraz <strong>napoje<\/strong>. W grill-barze odbywaj\u0105 si\u0119 te\u017c <strong>wakacyjne koncerty zespo\u0142\u00f3w szantowych<\/strong>. <\/p>\n<\/div><\/div>\n\n\n\n<hr class=\"wp-block-separator has-alpha-channel-opacity\"\/>\n\n\n\n<div class=\"wp-block-media-text is-stacked-on-mobile\"><figure class=\"wp-block-media-text__media\"><img loading=\"lazy\" decoding=\"async\" width=\"1024\" height=\"768\" src=\"https:\/\/wierzba.pan.pl\/wp-content\/uploads\/2021\/03\/66658832_2497081547180367_3298959939061415936_o-1024x768.jpg\" alt=\"\" class=\"wp-image-2438 size-full\" srcset=\"https:\/\/wierzba.pan.pl\/wp-content\/uploads\/2021\/03\/66658832_2497081547180367_3298959939061415936_o-1024x768.jpg 1024w, https:\/\/wierzba.pan.pl\/wp-content\/uploads\/2021\/03\/66658832_2497081547180367_3298959939061415936_o-300x225.jpg 300w, https:\/\/wierzba.pan.pl\/wp-content\/uploads\/2021\/03\/66658832_2497081547180367_3298959939061415936_o-768x576.jpg 768w, https:\/\/wierzba.pan.pl\/wp-content\/uploads\/2021\/03\/66658832_2497081547180367_3298959939061415936_o-1536x1152.jpg 1536w, https:\/\/wierzba.pan.pl\/wp-content\/uploads\/2021\/03\/66658832_2497081547180367_3298959939061415936_o.jpg 2048w\" sizes=\"auto, (max-width: 1024px) 100vw, 1024px\" \/><\/figure><div class=\"wp-block-media-text__content\">\n<p><strong>Ukryta Opcja Mazurska &#8211; bar z klimatem w sercu Popielna | DPT Wierzba Mazury<\/strong><\/p>\n\n\n\n<p>Zapraszamy do <strong>Ukrytej Opcji Mazurskiej<\/strong> \u2013 niewielkiego, <strong>klimatycznego baru <\/strong>po\u0142o\u017conego tu\u017c przy <strong>porcie Popielno<\/strong>, zlokalizowanego na p\u00f3\u0142wyspie otoczonym przez <strong>jeziora<\/strong>: <strong>\u015aniardwy, Be\u0142dany i Miko\u0142ajskie<\/strong>. To idealne miejsce na <strong>orze\u017awiaj\u0105cy posi\u0142ek<\/strong>, przek\u0105sk\u0119 po d\u0142ugim dniu nad wod\u0105. <\/p>\n<\/div><\/div>\n\n\n\n<hr class=\"wp-block-separator has-alpha-channel-opacity\"\/>\n\n\n\n<div class=\"wp-block-media-text is-stacked-on-mobile\" style=\"grid-template-columns:49% auto\"><figure class=\"wp-block-media-text__media\"><img loading=\"lazy\" decoding=\"async\" width=\"430\" height=\"431\" src=\"https:\/\/wierzba.pan.pl\/wp-content\/uploads\/2025\/11\/image8.png\" alt=\"\" class=\"wp-image-5297 size-full\" srcset=\"https:\/\/wierzba.pan.pl\/wp-content\/uploads\/2025\/11\/image8.png 430w, https:\/\/wierzba.pan.pl\/wp-content\/uploads\/2025\/11\/image8-300x300.png 300w, https:\/\/wierzba.pan.pl\/wp-content\/uploads\/2025\/11\/image8-150x150.png 150w, https:\/\/wierzba.pan.pl\/wp-content\/uploads\/2025\/11\/image8-24x24.png 24w, https:\/\/wierzba.pan.pl\/wp-content\/uploads\/2025\/11\/image8-36x36.png 36w, https:\/\/wierzba.pan.pl\/wp-content\/uploads\/2025\/11\/image8-48x48.png 48w\" sizes=\"auto, (max-width: 430px) 100vw, 430px\" \/><\/figure><div class=\"wp-block-media-text__content\">\n<p>\u201ePodr\u00f3\u017cuj cz\u0119\u015bciej \u2013 zbieraj szybciej \u2013 korzystaj d\u0142u\u017cej!\u201d<\/p>\n\n\n\n<p>Do\u0142\u0105cz do naszego Programu Lojalno\u015bciowego i korzystaj z wyj\u0105tkowych zni\u017cek, rabat\u00f3w oraz bonus\u00f3w. Im cz\u0119\u015bciej nas odwiedzasz, tym wi\u0119cej zyskujesz!<\/p>\n\n\n\n<p><\/p>\n\n\n\n<p><\/p>\n<\/div><\/div>\n\n\n\n<hr class=\"wp-block-separator has-alpha-channel-opacity\"\/>\n\n\n\n<p>Warunki korzystania z karty lojalno\u015bciowej<\/p>\n\n\n\n<p>Za ka\u017cde 500,00 z\u0142 wydane na noclegi lub gastronomi\u0119 (w restauracji PANorama oraz Grill-Barze)w naszym o\u015brodku otrzymujesz jedn\u0105 naklejk\u0119. Na jednej karcie lojalno\u015bciowej mo\u017cna zebra\u0107 naklejki<br>uprawniaj\u0105ce do rabatu, 10 naklejka uprawnia do rabatu 500,00 z\u0142 do wykorzystania przy kolejnym rachunku. Rabat mo\u017ce by\u0107 wykorzystany zar\u00f3wno na noclegi jak i gastronomi\u0119.<br>Rachunki z restauracji PANorama oraz Grill- Baru uwzgl\u0119dniane s\u0105 wy\u0142\u0105cznie po ich rozliczeniu w recepcji. Regulamin dost\u0119pny na www.wierzba.pan.pl\/regulaminy<\/p>\n","protected":false},"excerpt":{"rendered":"<p>Organizujemy: #Tam, gdzie szum jeziora tworzy idealne t\u0142o dla Waszego dnia &#8211; Wesele na Mazurach #Tam, gdzie jezioro odbija mi\u0142o\u015b\u0107\u2026 podajemy s\u0142odycze. S\u0142odki st\u00f3\u0142 na Twoje wesele na Mazurach #Smaki Mazur, kt\u00f3re robi\u0105 wra\u017cenie \u2013 wiejski st\u00f3\u0142 k\u0142usownika i st\u00f3\u0142 mazurskich ryb na Twoje wesele #Gdy zach\u00f3d maluje jezioro\u2026 my [&hellip;]<\/p>\n","protected":false},"author":3,"featured_media":4598,"parent":0,"menu_order":3,"comment_status":"closed","ping_status":"closed","template":"page-templates\/template-fullwidth.php","meta":{"inline_featured_image":false,"footnotes":""},"class_list":["post-131","page","type-page","status-publish","has-post-thumbnail","hentry"],"yoast_head":"<!-- This site is optimized with the Yoast SEO plugin v26.6 - https:\/\/yoast.com\/wordpress\/plugins\/seo\/ -->\n<title>GASTRONOMIA - PAN Dom Pracy Tw\u00f3rczej w Wierzbie<\/title>\n<meta name=\"description\" content=\"Restauracja Panorama w Domu Pracy Tw\u00f3rczej Wierzba na Mazurach zaprasza na dania regionalne, ryby mazurskie i domowe ciasta. Smaki Mazur.\" \/>\n<meta name=\"robots\" content=\"index, follow, max-snippet:-1, max-image-preview:large, max-video-preview:-1\" \/>\n<link rel=\"canonical\" href=\"https:\/\/wierzba.pan.pl\/?page_id=131\" \/>\n<meta property=\"og:locale\" content=\"pl_PL\" \/>\n<meta property=\"og:type\" content=\"article\" \/>\n<meta property=\"og:title\" content=\"GASTRONOMIA - PAN Dom Pracy Tw\u00f3rczej w Wierzbie\" \/>\n<meta property=\"og:description\" content=\"Restauracja Panorama w Domu Pracy Tw\u00f3rczej Wierzba na Mazurach zaprasza na dania regionalne, ryby mazurskie i domowe ciasta. Smaki Mazur.\" \/>\n<meta property=\"og:url\" content=\"https:\/\/wierzba.pan.pl\/?page_id=131\" \/>\n<meta property=\"og:site_name\" content=\"PAN Dom Pracy Tw\u00f3rczej w Wierzbie\" \/>\n<meta property=\"article:modified_time\" content=\"2026-03-03T09:49:10+00:00\" \/>\n<meta property=\"og:image\" content=\"https:\/\/wierzba.pan.pl\/wp-content\/uploads\/2025\/10\/IMG_0190.jpeg\" \/>\n\t<meta property=\"og:image:width\" content=\"1206\" \/>\n\t<meta property=\"og:image:height\" content=\"1507\" \/>\n\t<meta property=\"og:image:type\" content=\"image\/jpeg\" \/>\n<meta name=\"twitter:card\" content=\"summary_large_image\" \/>\n<meta name=\"twitter:label1\" content=\"Szacowany czas czytania\" \/>\n\t<meta name=\"twitter:data1\" content=\"4 minuty\" \/>\n<script type=\"application\/ld+json\" class=\"yoast-schema-graph\">{\"@context\":\"https:\/\/schema.org\",\"@graph\":[{\"@type\":\"WebPage\",\"@id\":\"https:\/\/wierzba.pan.pl\/?page_id=131\",\"url\":\"https:\/\/wierzba.pan.pl\/?page_id=131\",\"name\":\"GASTRONOMIA - PAN Dom Pracy Tw\u00f3rczej w Wierzbie\",\"isPartOf\":{\"@id\":\"https:\/\/wierzba.pan.pl\/#website\"},\"primaryImageOfPage\":{\"@id\":\"https:\/\/wierzba.pan.pl\/?page_id=131#primaryimage\"},\"image\":{\"@id\":\"https:\/\/wierzba.pan.pl\/?page_id=131#primaryimage\"},\"thumbnailUrl\":\"https:\/\/wierzba.pan.pl\/wp-content\/uploads\/2025\/10\/IMG_0190.jpeg\",\"datePublished\":\"2019-01-23T09:01:48+00:00\",\"dateModified\":\"2026-03-03T09:49:10+00:00\",\"description\":\"Restauracja Panorama w Domu Pracy Tw\u00f3rczej Wierzba na Mazurach zaprasza na dania regionalne, ryby mazurskie i domowe ciasta. Smaki Mazur.\",\"breadcrumb\":{\"@id\":\"https:\/\/wierzba.pan.pl\/?page_id=131#breadcrumb\"},\"inLanguage\":\"pl-PL\",\"potentialAction\":[{\"@type\":\"ReadAction\",\"target\":[\"https:\/\/wierzba.pan.pl\/?page_id=131\"]}]},{\"@type\":\"ImageObject\",\"inLanguage\":\"pl-PL\",\"@id\":\"https:\/\/wierzba.pan.pl\/?page_id=131#primaryimage\",\"url\":\"https:\/\/wierzba.pan.pl\/wp-content\/uploads\/2025\/10\/IMG_0190.jpeg\",\"contentUrl\":\"https:\/\/wierzba.pan.pl\/wp-content\/uploads\/2025\/10\/IMG_0190.jpeg\",\"width\":1206,\"height\":1507,\"caption\":\"Screenshot\"},{\"@type\":\"BreadcrumbList\",\"@id\":\"https:\/\/wierzba.pan.pl\/?page_id=131#breadcrumb\",\"itemListElement\":[{\"@type\":\"ListItem\",\"position\":1,\"name\":\"Strona g\u0142\u00f3wna\",\"item\":\"https:\/\/wierzba.pan.pl\/\"},{\"@type\":\"ListItem\",\"position\":2,\"name\":\"GASTRONOMIA\"}]},{\"@type\":\"WebSite\",\"@id\":\"https:\/\/wierzba.pan.pl\/#website\",\"url\":\"https:\/\/wierzba.pan.pl\/\",\"name\":\"PAN Dom Pracy Tw\u00f3rczej w Wierzbie\",\"description\":\"Wypoczynek nad jeziorem, w sercu Puszczy Piskiej\",\"potentialAction\":[{\"@type\":\"SearchAction\",\"target\":{\"@type\":\"EntryPoint\",\"urlTemplate\":\"https:\/\/wierzba.pan.pl\/?s={search_term_string}\"},\"query-input\":{\"@type\":\"PropertyValueSpecification\",\"valueRequired\":true,\"valueName\":\"search_term_string\"}}],\"inLanguage\":\"pl-PL\"}]}<\/script>\n<!-- \/ Yoast SEO plugin. -->","yoast_head_json":{"title":"GASTRONOMIA - PAN Dom Pracy Tw\u00f3rczej w Wierzbie","description":"Restauracja Panorama w Domu Pracy Tw\u00f3rczej Wierzba na Mazurach zaprasza na dania regionalne, ryby mazurskie i domowe ciasta. Smaki Mazur.","robots":{"index":"index","follow":"follow","max-snippet":"max-snippet:-1","max-image-preview":"max-image-preview:large","max-video-preview":"max-video-preview:-1"},"canonical":"https:\/\/wierzba.pan.pl\/?page_id=131","og_locale":"pl_PL","og_type":"article","og_title":"GASTRONOMIA - PAN Dom Pracy Tw\u00f3rczej w Wierzbie","og_description":"Restauracja Panorama w Domu Pracy Tw\u00f3rczej Wierzba na Mazurach zaprasza na dania regionalne, ryby mazurskie i domowe ciasta. Smaki Mazur.","og_url":"https:\/\/wierzba.pan.pl\/?page_id=131","og_site_name":"PAN Dom Pracy Tw\u00f3rczej w Wierzbie","article_modified_time":"2026-03-03T09:49:10+00:00","og_image":[{"width":1206,"height":1507,"url":"https:\/\/wierzba.pan.pl\/wp-content\/uploads\/2025\/10\/IMG_0190.jpeg","type":"image\/jpeg"}],"twitter_card":"summary_large_image","twitter_misc":{"Szacowany czas czytania":"4 minuty"},"schema":{"@context":"https:\/\/schema.org","@graph":[{"@type":"WebPage","@id":"https:\/\/wierzba.pan.pl\/?page_id=131","url":"https:\/\/wierzba.pan.pl\/?page_id=131","name":"GASTRONOMIA - PAN Dom Pracy Tw\u00f3rczej w Wierzbie","isPartOf":{"@id":"https:\/\/wierzba.pan.pl\/#website"},"primaryImageOfPage":{"@id":"https:\/\/wierzba.pan.pl\/?page_id=131#primaryimage"},"image":{"@id":"https:\/\/wierzba.pan.pl\/?page_id=131#primaryimage"},"thumbnailUrl":"https:\/\/wierzba.pan.pl\/wp-content\/uploads\/2025\/10\/IMG_0190.jpeg","datePublished":"2019-01-23T09:01:48+00:00","dateModified":"2026-03-03T09:49:10+00:00","description":"Restauracja Panorama w Domu Pracy Tw\u00f3rczej Wierzba na Mazurach zaprasza na dania regionalne, ryby mazurskie i domowe ciasta. Smaki Mazur.","breadcrumb":{"@id":"https:\/\/wierzba.pan.pl\/?page_id=131#breadcrumb"},"inLanguage":"pl-PL","potentialAction":[{"@type":"ReadAction","target":["https:\/\/wierzba.pan.pl\/?page_id=131"]}]},{"@type":"ImageObject","inLanguage":"pl-PL","@id":"https:\/\/wierzba.pan.pl\/?page_id=131#primaryimage","url":"https:\/\/wierzba.pan.pl\/wp-content\/uploads\/2025\/10\/IMG_0190.jpeg","contentUrl":"https:\/\/wierzba.pan.pl\/wp-content\/uploads\/2025\/10\/IMG_0190.jpeg","width":1206,"height":1507,"caption":"Screenshot"},{"@type":"BreadcrumbList","@id":"https:\/\/wierzba.pan.pl\/?page_id=131#breadcrumb","itemListElement":[{"@type":"ListItem","position":1,"name":"Strona g\u0142\u00f3wna","item":"https:\/\/wierzba.pan.pl\/"},{"@type":"ListItem","position":2,"name":"GASTRONOMIA"}]},{"@type":"WebSite","@id":"https:\/\/wierzba.pan.pl\/#website","url":"https:\/\/wierzba.pan.pl\/","name":"PAN Dom Pracy Tw\u00f3rczej w Wierzbie","description":"Wypoczynek nad jeziorem, w sercu Puszczy Piskiej","potentialAction":[{"@type":"SearchAction","target":{"@type":"EntryPoint","urlTemplate":"https:\/\/wierzba.pan.pl\/?s={search_term_string}"},"query-input":{"@type":"PropertyValueSpecification","valueRequired":true,"valueName":"search_term_string"}}],"inLanguage":"pl-PL"}]}},"_links":{"self":[{"href":"https:\/\/wierzba.pan.pl\/index.php?rest_route=\/wp\/v2\/pages\/131","targetHints":{"allow":["GET"]}}],"collection":[{"href":"https:\/\/wierzba.pan.pl\/index.php?rest_route=\/wp\/v2\/pages"}],"about":[{"href":"https:\/\/wierzba.pan.pl\/index.php?rest_route=\/wp\/v2\/types\/page"}],"author":[{"embeddable":true,"href":"https:\/\/wierzba.pan.pl\/index.php?rest_route=\/wp\/v2\/users\/3"}],"replies":[{"embeddable":true,"href":"https:\/\/wierzba.pan.pl\/index.php?rest_route=%2Fwp%2Fv2%2Fcomments&post=131"}],"version-history":[{"count":46,"href":"https:\/\/wierzba.pan.pl\/index.php?rest_route=\/wp\/v2\/pages\/131\/revisions"}],"predecessor-version":[{"id":5737,"href":"https:\/\/wierzba.pan.pl\/index.php?rest_route=\/wp\/v2\/pages\/131\/revisions\/5737"}],"wp:featuredmedia":[{"embeddable":true,"href":"https:\/\/wierzba.pan.pl\/index.php?rest_route=\/wp\/v2\/media\/4598"}],"wp:attachment":[{"href":"https:\/\/wierzba.pan.pl\/index.php?rest_route=%2Fwp%2Fv2%2Fmedia&parent=131"}],"curies":[{"name":"wp","href":"https:\/\/api.w.org\/{rel}","templated":true}]}}