{"id":176,"date":"2019-01-23T14:51:26","date_gmt":"2019-01-23T14:51:26","guid":{"rendered":"http:\/\/wierzba.pan.pl\/?page_id=176"},"modified":"2025-11-07T12:42:43","modified_gmt":"2025-11-07T11:42:43","slug":"dom-pracy-tworczej-wierzba-noclegi-konferencje-restauracja-na-mazurach","status":"publish","type":"page","link":"https:\/\/wierzba.pan.pl\/","title":{"rendered":"Mazury"},"content":{"rendered":"\n<div class=\"wp-block-media-text alignwide has-media-on-the-right is-stacked-on-mobile\" style=\"grid-template-columns:auto 26%\"><div class=\"wp-block-media-text__content\">\n<h3 class=\"wp-block-heading\">Witamy w Wierzbie \u2013 sercu Mazur<\/h3>\n\n\n\n<p><strong>Dom Pracy Tw\u00f3rczej Wierzba<\/strong> to wyj\u0105tkowe miejsce na mapie Mazur, po\u0142o\u017cone na malowniczym <strong>P\u00f3\u0142wyspie Popielnia\u0144skim<\/strong>, w otoczeniu jezior \u015aniardwy, Be\u0142dany i Jeziora Miko\u0142ajskiego. Je\u015bli szukasz ciszy, kontaktu z natur\u0105 i inspiruj\u0105cej przestrzeni do wypoczynku lub pracy \u2013 jeste\u015b we w\u0142a\u015bciwym miejscu.<\/p>\n\n\n\n<h3 class=\"wp-block-heading\">Mazury \u2013 tu odpoczniesz naprawd\u0119<\/h3>\n\n\n\n<p>Wierzba to mazurska wie\u015b, w kt\u00f3rej czas p\u0142ynie wolniej. Otaczaj\u0105ce j\u0105 <strong>lasy Puszczy Piskiej<\/strong> gwarantuj\u0105 czyste powietrze, spok\u00f3j i niepowtarzalny klimat. Blisko\u015b\u0107 <strong>Rezerwatu Konika Polskiego<\/strong> czyni to miejsce jeszcze bardziej unikalnym<\/p>\n\n\n\n<h3 class=\"wp-block-heading\">Komfortowe noclegi i smaczna kuchnia<\/h3>\n\n\n\n<p>W naszym obiekcie znajdziesz <strong>przytulne pokoje<\/strong>, idealne na rodzinny wypoczynek, romantyczny weekend czy tw\u00f3rczy wyjazd. Na miejscu dzia\u0142a <strong>restauracja serwuj\u0105ca dania regionalne<\/strong>, kt\u00f3re zachwycaj\u0105 smakiem i \u015bwie\u017co\u015bci\u0105.<br>Mazury \u2013 tu odpoczniesz napraw<\/p>\n\n\n\n<h3 class=\"wp-block-heading\">Konferencje i wydarzenia na Mazurach<\/h3>\n\n\n\n<p>Dom Pracy Tw\u00f3rczej Wierzba to tak\u017ce doskona\u0142e miejsce na organizacj\u0119 <strong>konferencji, warsztat\u00f3w i spotka\u0144 firmowych<\/strong>. Oferujemy nowoczesne sale konferencyjne, dost\u0119p do portu oraz wyj\u0105tkow\u0105 atmosfer\u0119 sprzyjaj\u0105c\u0105 kreatywno\u015bci.<\/p>\n\n\n\n<h5 class=\"wp-block-heading\">Zaplanuj sw\u00f3j pobyt w Wierzbie ju\u017c dzi\u015b!<br>Odkryj Mazury, kt\u00f3re inspiruj\u0105, relaksuj\u0105 i zachwycaj\u0105. Skontaktuj si\u0119 z nami i zarezerwuj miejsce w Domu Pracy Tw\u00f3rczej Wierzba.<\/h5>\n\n\n\n<p>E &#8211; mail<strong>  wierzba@wierzba.pl<\/strong><a href=\"wierzba@wierzba.pl\"> <\/a>\/ Mobile + 48 516 009 061<\/p>\n\n\n\n<p><\/p>\n\n\n\n<div class=\"wp-block-button aligncenter\"><a class=\"wp-block-button__link has-accent-background-color has-background wp-element-button\" href=\"http:\/\/wierzba.pan.pl\/?page_id=12&amp;customize_changeset_uuid=63496805-00d7-47f9-b6b5-efb8dadfd2c6&amp;customize_autosaved=on\">Wi\u0119cej<\/a><\/div>\n<\/div><figure  class=\"wp-block-media-text__media\"><img loading=\"lazy\" decoding=\"async\" width=\"720\" height=\"481\" alt=\"\" src=\"https:\/\/wierzba.pan.pl\/wp-content\/uploads\/2025\/10\/thumbnail_IMG_3653.jpg\" class=\"wp-image-4627 size-full\" srcset=\"https:\/\/wierzba.pan.pl\/wp-content\/uploads\/2025\/10\/thumbnail_IMG_3653.jpg 720w, https:\/\/wierzba.pan.pl\/wp-content\/uploads\/2025\/10\/thumbnail_IMG_3653-300x200.jpg 300w, https:\/\/wierzba.pan.pl\/wp-content\/uploads\/2025\/10\/thumbnail_IMG_3653-150x100.jpg 150w, https:\/\/wierzba.pan.pl\/wp-content\/uploads\/2025\/10\/thumbnail_IMG_3653-360x240.jpg 360w, https:\/\/wierzba.pan.pl\/wp-content\/uploads\/2025\/10\/thumbnail_IMG_3653-24x16.jpg 24w, https:\/\/wierzba.pan.pl\/wp-content\/uploads\/2025\/10\/thumbnail_IMG_3653-36x24.jpg 36w, https:\/\/wierzba.pan.pl\/wp-content\/uploads\/2025\/10\/thumbnail_IMG_3653-48x32.jpg 48w\" sizes=\"auto, (max-width: 720px) 100vw, 720px\" \/><\/figure><\/div>\n\n\n\n\n\n<p><\/p>\n","protected":false},"excerpt":{"rendered":"","protected":false},"author":3,"featured_media":4627,"parent":0,"menu_order":1,"comment_status":"closed","ping_status":"closed","template":"","meta":{"inline_featured_image":false,"footnotes":""},"class_list":["post-176","page","type-page","status-publish","has-post-thumbnail","hentry"],"yoast_head":"<!-- This site is optimized with the Yoast SEO plugin v26.6 - https:\/\/yoast.com\/wordpress\/plugins\/seo\/ -->\n<title>Mazury - PAN Dom Pracy Tw\u00f3rczej w Wierzbie<\/title>\n<meta name=\"description\" content=\"Kto nie pozna\u0142 Wierzby, nie pozna\u0142 Mazur Wierzba to malownicza miejsce po\u0142o\u017cone na P\u00f3\u0142wyspie Popielnia\u0144skim, w samym sercu Mazur.\" \/>\n<meta name=\"robots\" content=\"index, follow, max-snippet:-1, max-image-preview:large, max-video-preview:-1\" \/>\n<link rel=\"canonical\" href=\"https:\/\/wierzba.pan.pl\/\" \/>\n<meta property=\"og:locale\" content=\"pl_PL\" \/>\n<meta property=\"og:type\" content=\"article\" \/>\n<meta property=\"og:title\" content=\"Mazury - PAN Dom Pracy Tw\u00f3rczej w Wierzbie\" \/>\n<meta property=\"og:description\" content=\"Kto nie pozna\u0142 Wierzby, nie pozna\u0142 Mazur Wierzba to malownicza miejsce po\u0142o\u017cone na P\u00f3\u0142wyspie Popielnia\u0144skim, w samym sercu Mazur.\" \/>\n<meta property=\"og:url\" content=\"https:\/\/wierzba.pan.pl\/\" \/>\n<meta property=\"og:site_name\" content=\"PAN Dom Pracy Tw\u00f3rczej w Wierzbie\" \/>\n<meta property=\"article:modified_time\" content=\"2025-11-07T11:42:43+00:00\" \/>\n<meta property=\"og:image\" content=\"https:\/\/wierzba.pan.pl\/wp-content\/uploads\/2025\/10\/thumbnail_IMG_3653.jpg\" \/>\n\t<meta property=\"og:image:width\" content=\"720\" \/>\n\t<meta property=\"og:image:height\" content=\"481\" \/>\n\t<meta property=\"og:image:type\" content=\"image\/jpeg\" \/>\n<meta name=\"twitter:card\" content=\"summary_large_image\" \/>\n<meta name=\"twitter:label1\" content=\"Szacowany czas czytania\" \/>\n\t<meta name=\"twitter:data1\" content=\"2 minuty\" \/>\n<script type=\"application\/ld+json\" class=\"yoast-schema-graph\">{\"@context\":\"https:\/\/schema.org\",\"@graph\":[{\"@type\":\"WebPage\",\"@id\":\"https:\/\/wierzba.pan.pl\/\",\"url\":\"https:\/\/wierzba.pan.pl\/\",\"name\":\"Mazury - PAN Dom Pracy Tw\u00f3rczej w Wierzbie\",\"isPartOf\":{\"@id\":\"https:\/\/wierzba.pan.pl\/#website\"},\"primaryImageOfPage\":{\"@id\":\"https:\/\/wierzba.pan.pl\/#primaryimage\"},\"image\":{\"@id\":\"https:\/\/wierzba.pan.pl\/#primaryimage\"},\"thumbnailUrl\":\"https:\/\/wierzba.pan.pl\/wp-content\/uploads\/2025\/10\/thumbnail_IMG_3653.jpg\",\"datePublished\":\"2019-01-23T14:51:26+00:00\",\"dateModified\":\"2025-11-07T11:42:43+00:00\",\"description\":\"Kto nie pozna\u0142 Wierzby, nie pozna\u0142 Mazur Wierzba to malownicza miejsce po\u0142o\u017cone na P\u00f3\u0142wyspie Popielnia\u0144skim, w samym sercu Mazur.\",\"breadcrumb\":{\"@id\":\"https:\/\/wierzba.pan.pl\/#breadcrumb\"},\"inLanguage\":\"pl-PL\",\"potentialAction\":[{\"@type\":\"ReadAction\",\"target\":[\"https:\/\/wierzba.pan.pl\/\"]}]},{\"@type\":\"ImageObject\",\"inLanguage\":\"pl-PL\",\"@id\":\"https:\/\/wierzba.pan.pl\/#primaryimage\",\"url\":\"https:\/\/wierzba.pan.pl\/wp-content\/uploads\/2025\/10\/thumbnail_IMG_3653.jpg\",\"contentUrl\":\"https:\/\/wierzba.pan.pl\/wp-content\/uploads\/2025\/10\/thumbnail_IMG_3653.jpg\",\"width\":720,\"height\":481},{\"@type\":\"BreadcrumbList\",\"@id\":\"https:\/\/wierzba.pan.pl\/#breadcrumb\",\"itemListElement\":[{\"@type\":\"ListItem\",\"position\":1,\"name\":\"Strona g\u0142\u00f3wna\",\"item\":\"https:\/\/wierzba.pan.pl\/\"},{\"@type\":\"ListItem\",\"position\":2,\"name\":\"Mazury\"}]},{\"@type\":\"WebSite\",\"@id\":\"https:\/\/wierzba.pan.pl\/#website\",\"url\":\"https:\/\/wierzba.pan.pl\/\",\"name\":\"PAN Dom Pracy Tw\u00f3rczej w Wierzbie\",\"description\":\"Wypoczynek nad jeziorem, w sercu Puszczy Piskiej\",\"potentialAction\":[{\"@type\":\"SearchAction\",\"target\":{\"@type\":\"EntryPoint\",\"urlTemplate\":\"https:\/\/wierzba.pan.pl\/?s={search_term_string}\"},\"query-input\":{\"@type\":\"PropertyValueSpecification\",\"valueRequired\":true,\"valueName\":\"search_term_string\"}}],\"inLanguage\":\"pl-PL\"}]}<\/script>\n<!-- \/ Yoast SEO plugin. -->","yoast_head_json":{"title":"Mazury - PAN Dom Pracy Tw\u00f3rczej w Wierzbie","description":"Kto nie pozna\u0142 Wierzby, nie pozna\u0142 Mazur Wierzba to malownicza miejsce po\u0142o\u017cone na P\u00f3\u0142wyspie Popielnia\u0144skim, w samym sercu Mazur.","robots":{"index":"index","follow":"follow","max-snippet":"max-snippet:-1","max-image-preview":"max-image-preview:large","max-video-preview":"max-video-preview:-1"},"canonical":"https:\/\/wierzba.pan.pl\/","og_locale":"pl_PL","og_type":"article","og_title":"Mazury - PAN Dom Pracy Tw\u00f3rczej w Wierzbie","og_description":"Kto nie pozna\u0142 Wierzby, nie pozna\u0142 Mazur Wierzba to malownicza miejsce po\u0142o\u017cone na P\u00f3\u0142wyspie Popielnia\u0144skim, w samym sercu Mazur.","og_url":"https:\/\/wierzba.pan.pl\/","og_site_name":"PAN Dom Pracy Tw\u00f3rczej w Wierzbie","article_modified_time":"2025-11-07T11:42:43+00:00","og_image":[{"width":720,"height":481,"url":"https:\/\/wierzba.pan.pl\/wp-content\/uploads\/2025\/10\/thumbnail_IMG_3653.jpg","type":"image\/jpeg"}],"twitter_card":"summary_large_image","twitter_misc":{"Szacowany czas czytania":"2 minuty"},"schema":{"@context":"https:\/\/schema.org","@graph":[{"@type":"WebPage","@id":"https:\/\/wierzba.pan.pl\/","url":"https:\/\/wierzba.pan.pl\/","name":"Mazury - PAN Dom Pracy Tw\u00f3rczej w Wierzbie","isPartOf":{"@id":"https:\/\/wierzba.pan.pl\/#website"},"primaryImageOfPage":{"@id":"https:\/\/wierzba.pan.pl\/#primaryimage"},"image":{"@id":"https:\/\/wierzba.pan.pl\/#primaryimage"},"thumbnailUrl":"https:\/\/wierzba.pan.pl\/wp-content\/uploads\/2025\/10\/thumbnail_IMG_3653.jpg","datePublished":"2019-01-23T14:51:26+00:00","dateModified":"2025-11-07T11:42:43+00:00","description":"Kto nie pozna\u0142 Wierzby, nie pozna\u0142 Mazur Wierzba to malownicza miejsce po\u0142o\u017cone na P\u00f3\u0142wyspie Popielnia\u0144skim, w samym sercu Mazur.","breadcrumb":{"@id":"https:\/\/wierzba.pan.pl\/#breadcrumb"},"inLanguage":"pl-PL","potentialAction":[{"@type":"ReadAction","target":["https:\/\/wierzba.pan.pl\/"]}]},{"@type":"ImageObject","inLanguage":"pl-PL","@id":"https:\/\/wierzba.pan.pl\/#primaryimage","url":"https:\/\/wierzba.pan.pl\/wp-content\/uploads\/2025\/10\/thumbnail_IMG_3653.jpg","contentUrl":"https:\/\/wierzba.pan.pl\/wp-content\/uploads\/2025\/10\/thumbnail_IMG_3653.jpg","width":720,"height":481},{"@type":"BreadcrumbList","@id":"https:\/\/wierzba.pan.pl\/#breadcrumb","itemListElement":[{"@type":"ListItem","position":1,"name":"Strona g\u0142\u00f3wna","item":"https:\/\/wierzba.pan.pl\/"},{"@type":"ListItem","position":2,"name":"Mazury"}]},{"@type":"WebSite","@id":"https:\/\/wierzba.pan.pl\/#website","url":"https:\/\/wierzba.pan.pl\/","name":"PAN Dom Pracy Tw\u00f3rczej w Wierzbie","description":"Wypoczynek nad jeziorem, w sercu Puszczy Piskiej","potentialAction":[{"@type":"SearchAction","target":{"@type":"EntryPoint","urlTemplate":"https:\/\/wierzba.pan.pl\/?s={search_term_string}"},"query-input":{"@type":"PropertyValueSpecification","valueRequired":true,"valueName":"search_term_string"}}],"inLanguage":"pl-PL"}]}},"_links":{"self":[{"href":"https:\/\/wierzba.pan.pl\/index.php?rest_route=\/wp\/v2\/pages\/176","targetHints":{"allow":["GET"]}}],"collection":[{"href":"https:\/\/wierzba.pan.pl\/index.php?rest_route=\/wp\/v2\/pages"}],"about":[{"href":"https:\/\/wierzba.pan.pl\/index.php?rest_route=\/wp\/v2\/types\/page"}],"author":[{"embeddable":true,"href":"https:\/\/wierzba.pan.pl\/index.php?rest_route=\/wp\/v2\/users\/3"}],"replies":[{"embeddable":true,"href":"https:\/\/wierzba.pan.pl\/index.php?rest_route=%2Fwp%2Fv2%2Fcomments&post=176"}],"version-history":[{"count":27,"href":"https:\/\/wierzba.pan.pl\/index.php?rest_route=\/wp\/v2\/pages\/176\/revisions"}],"predecessor-version":[{"id":5097,"href":"https:\/\/wierzba.pan.pl\/index.php?rest_route=\/wp\/v2\/pages\/176\/revisions\/5097"}],"wp:featuredmedia":[{"embeddable":true,"href":"https:\/\/wierzba.pan.pl\/index.php?rest_route=\/wp\/v2\/media\/4627"}],"wp:attachment":[{"href":"https:\/\/wierzba.pan.pl\/index.php?rest_route=%2Fwp%2Fv2%2Fmedia&parent=176"}],"curies":[{"name":"wp","href":"https:\/\/api.w.org\/{rel}","templated":true}]}}